2 - 4*p - 3. Suppose 5*j = 4*j - 5. What is a(j)?
-8
Let r(h) = 3*h**2 + 7*h - 1. Let v(s) = -5*s**2 - 13*s + 2. Let g(n) = 7*r(n) + 4*v(n). Let k be (-1 + -3)/(6 - 8). Determine g(k).
-1
Let m(l) = -5*l - 10 - 70*l**2 + l**3 + 13 + 75*l**2. What is m(-6)?
-3
Suppose -p = -4*d - 1, p - 2 = 2*d + 1. Let z be (d - 2)/1 + 2. Let f(o) = -6*o + 1. What is f(z)?
-5
Let s(y) = 4*y + 4. Let o be s(-3). Let d = o - -12. Let c(a) = -a**3 + 4*a**2 + a + 3. Calculate c(d).
7
Suppose 3*w + 23 = 5*a, -w - 19 = -5*a - 2*w. Suppose 4*p = 3*i + 5, 2*p - 5*i - 2 = -3. Let t(h) = 6*h**2 + 2*h + 3*h - 3*h**2 - 4*h**p. Give t(a).
4
Suppose 19 = -v - 3*x, -v - 4*x = -5*v + 4. Let n(g) = 128 - 262 - 2*g + 130. Determine n(v).
4
Let h(c) = -c**2 + c + 2. Let o be h(-2). Let x(z) = z**3 + 3*z**2 - 5*z - 3. Determine x(o).
1
Suppose 3*y = 110 - 122. Let f(h) be the third derivative of h**5/60 + h**4/8 + h**3/6 + 2*h**2. Determine f(y).
5
Let n(d) be the third derivative of d**5/60 - d**4/4 + 2*d**3/3 - 2*d**2. Let f = -8 + 12. Determine n(f).
-4
Suppose -2*q + 12 = l, 6*q - 19 = q + 3*l. Suppose -5*d = z + 3 - 2, 0 = -q*d + 5*z - 25. Let s(x) = 7*x + 1. Determine s(d).
-6
Let h(a) = a**3 - a. Let o(f) = 3*f**3 - f**2 - 6*f - 1. Let u be 6/(-10) + (-6)/15. Let v(t) = u*o(t) + 2*h(t). What is v(3)?
-5
Let x(s) = 2*s + 5. Let u(l) = 5*l + 9. Let m(n) = -6*u(n) + 11*x(n). Calculate m(1).
-7
Suppose 0 = 4*a + 12 + 12. Let d(q) = q + 5. Calculate d(a).
-1
Let x(i) be the first derivative of 2*i**3/3 - i**2/2 - i + 3. Give x(-2).
9
Let c(m) = -m**2 + 10*m - 8. Let v be c(9). Suppose 0 = g - 2*r - 2, -3*r = -g + v. Suppose n + g*n = 20. Let x(t) = -t**3 + 4*t**2 + t. What is x(n)?
4
Suppose 0*a = 5*a - 5. Let t(q) be the third derivative of q**5/20 - q**3/6 - 11*q**2 + q. Determine t(a).
2
Let x(f) = -f**2 + 5*f**2 + 29*f - 5 + 13. Let w(o) = o**2 + 7*o + 2. Let s be (-6)/27 + 32/(-18). Let g(r) = s*x(r) + 9*w(r). Give g(-5).
2
Let w(x) = -x**3 - 6*x**2 + 6. Let b = 93 - 99. Give w(b).
6
Let i(f) = -f - 2. Suppose 13 - 5 = 4*z. Suppose -2*x - 2*u - 2 = -7*x, 5*x - 5*u = 5. Suppose 0 = 4*o - z*m + 16, 4*o = -2*m - x*m - 8. What is i(o)?
1
Let q(l) = -4 + 30*l - 66*l + 35*l. Determine q(-5).
1
Suppose -m + 1 = 2*g, -2*g + 4*g = m + 11. Let u(f) = -g*f**2 + 3*f**2 - 1 - 5*f**3 - f**3. What is u(-1)?
5
Let v(c) = 9*c + 2. Let i(o) = 37*o + 9. Let w(k) = 2*i(k) - 9*v(k). What is w(-1)?
7
Let w(r) = r**3 + 7*r**2 + 4*r - 5. Suppose 0 = 4*g - 2*g - 32. Let c = 10 - g. Give w(c).
7
Let b(u) be the second derivative of u**3/3 + 3*u**2/2 - u. Let v(n) be the second derivative of -n**3/6 - 11*n**2/2 + n. Let a be v(-9). Determine b(a).
-1
Let b(k) = -2*k + 3. Let q be (6/(-5))/((-12)/40). Give b(q).
-5
Let s = -7 - -10. Let i = 1 - s. Let o(n) = 2*n**3 + 2*n**2. Give o(i).
-8
Let j be 4*4/((-16)/(-6)). Let z be j/9 - 4/6. Suppose z = -4*r + 12. Let o(d) = d**3 - 3*d**2 - 3. Calculate o(r).
-3
Suppose i - 3*i = 0. Suppose i = 5*k + 2*t - 4, 2*t - 7*t = -5*k - 10. Let u(y) = 5*y**3 - 1 - 5*y**3 + y - 4*y**3 + 5*y**3. What is u(k)?
-1
Suppose 0*o = o + 3. Let a(u) be the third derivative of u**5/60 + u**4/6 + 2*u**3/3 - 8*u**2 - 5. Calculate a(o).
1
Let m(o) = o**2 - 5*o - 1. Suppose -a = -2*z + 2, -z = -5*a - 3*z + 38. Determine m(a).
5
Let w(c) = -2*c**2 + 8*c - 4. Let l(d) = -d**2 + d. Let h(m) = -3*l(m) + w(m). Calculate h(-5).
-4
Let l(i) = -2*i + i + 7 - i. Let x be (1/(-9)*3)/((-1)/18). Give l(x).
-5
Let j(r) = -r**3 - 7*r**2 + 6. Let c be j(-7). Let z(t) = c + 2*t - t - 3*t. Determine z(4).
-2
Let w = -3 - -1. Let d(r) = 3*r**2 + 2*r - 5. Let u(s) = 2*s**2 + s - 4. Let m(x) = -3*d(x) + 4*u(x). Give m(w).
-1
Let o(w) = w**2 + w + 1. Let b(h) = -5*h**2 - h - 5. Let q(y) = b(y) + 4*o(y). Calculate q(5).
-11
Let j = -7 - -4. Let h(k) be the first derivative of k**3/3 + k + 25. What is h(j)?
10
Let d(z) = -2*z**3 + 2*z**2 + 3*z - 2. Let l(h) = -h**2 - h + 1. Let s(w) = d(w) + l(w). Determine s(2).
-9
Let h(d) be the third derivative of 0 + 0*d - 1/24*d**4 - 2*d**2 + 1/3*d**3. Determine h(0).
2
Let f(i) = -i + 2. Let k be f(2). Let b(s) be the first derivative of -s**2/2 + 5*s + 11. Give b(k).
5
Let a(w) = -2*w + w + 2*w - 2*w - 4. Give a(-6).
2
Let o(c) = 3*c - 15. Let h be o(8). Let i(j) = -j**3 + 9*j**2 + 4. What is i(h)?
4
Let y(q) be the third derivative of 1/20*q**5 + 3*q**2 + 1/12*q**4 + 0*q**3 + 0*q + 0 + 1/120*q**6. Suppose -2*f = 5 - 1. Determine y(f).
0
Let v(p) = -3*p - 6. Let c = -10 + 6. Calculate v(c).
6
Suppose 3*i - 2*i = 0. Let k(f) = -f + i + 6 - 3. What is k(-3)?
6
Let p = 4 + -2. Let n(o) be the first derivative of -o**3/3 + o**2/2 - 13. Give n(p).
-2
Suppose 15 = 4*t - 5*q, 0 = t + 5*q - 2 - 8. Let a(h) = -h**2 + 7*h - 3. Let z be a(6). Let o(u) = 1 + u - 2 - z. Determine o(t).
1
Let u(g) be the second derivative of g**3/6 - g. Suppose s = 3*d, -d + 3*s + 2*s - 14 = 0. Give u(d).
1
Let t(s) = 11*s**3 + s**2 - 1. Suppose -12*r - 5 = -13*r. Suppose r = 5*c - 10*c. Calculate t(c).
-11
Let s(q) = -7*q + 2. Let c be s(1). Let i(b) = -b**3 - 4*b**2 + 6*b + 5. Determine i(c).
0
Let k(j) = -j + 2*j + 5 - 2*j + 4*j. Let d(v) = -6*v - 11. Let h(y) = -6*d(y) - 13*k(y). Determine h(2).
-5
Let o = 8 - 8. Suppose o = -2*z - 3*z - 15. Let j(p) = 3*p**3 - 7*p**2 - 5*p - 2. Let x(m) = 4*m**3 - 8*m**2 - 6*m - 3. Let d(c) = 5*j(c) - 4*x(c). Give d(z).
5
Suppose 14 = 3*x - 5*x + 4*b, 5*x = -5*b + 40. Let l(q) = q**3 - 3*q**2 + 2*q - 3. Calculate l(x).
3
Let b be (2/6)/((-1)/(-6)). Let v(q) be the first derivative of q**3/3 - 2*q**2 + 3*q + 13. Calculate v(b).
-1
Let o(x) = -x**2 + 2*x - 2. Let a be 3 + -6 + 3 - -3. Suppose 2*b - a = 3. What is o(b)?
-5
Suppose -10 = -2*s - 3*s. Let q(r) be the first derivative of r**4/4 - 4*r**3/3 - r**2/2 + 2*r + 1. Give q(s).
-8
Let k(q) = q + 12. Let b be k(-8). Let a(v) = -v**2 - 6*v - 5. Let m be a(-4). Let n(s) = -2*s - s**3 - s**2 - s + 2*s**m - 5 - 2*s**2. What is n(b)?
-1
Let d(n) = -20*n + 1. Suppose 0 = -7*l + 8*l + 1. Calculate d(l).
21
Suppose -5*o - 8*l + 3*l + 5 = 0, 5*o = -3*l + 1. Let j(w) = -8*w - 1 + 2*w - 5*w. Give j(o).
10
Let f(r) be the first derivative of 3 + 6*r - 3*r**2 + 1/3*r**3. What is f(6)?
6
Let r(i) = i + 12. Suppose 0 = -3*w - 2*x - 16, x = 6 - 5. Give r(w).
6
Let y(h) = 2 + 0 - 3. Let r(b) = b**2 + 5*b + 3. Let m(q) = q + 5. Let c be m(-7). Let x(z) = c*y(z) + r(z). What is x(-4)?
1
Let s(n) = -6*n. Let r = 24 - 25. Calculate s(r).
6
Let f(j) = 0*j - 2*j + 0 + 1 + 2. What is f(5)?
-7
Let w(r) = -r + 11. Let m(t) = -1. Let h(q) = -3*m(q) - w(q). Give h(0).
-8
Let y(f) = -3*f**3 - 23 + 39 + f**2 - 17. Determine y(-1).
3
Let w(u) = -u**2 - 3*u - 1. Suppose 2*g = 6*g + 16. Let z be w(g). Let r(x) = -6*x**2 - 5*x**3 + 4*x**3 + x**2 + 4*x - 3*x. Calculate r(z).
-5
Suppose 9 = 18*h - 27. Let n(a) = -3*a + 3. Calculate n(h).
-3
Let o be 12/(-42) - (-38)/(-14). Let s(m) = -14*m - 3. Let y(d) = -9*d - 2. Let j(p) = 5*s(p) - 8*y(p). Give j(o).
-5
Let c(z) = z**3 - 4*z**2 - 3*z - 3. Let p(h) be the second derivative of -2*h**3/3 - 3*h**2/2 - 3*h. Let b be p(-2). What is c(b)?
7
Suppose 3*c + 7 = j, -3*c + 1 = 2*j - 4. Let o(w) be the second derivative of 1/12*w**4 - 4*w - 5/6*w**3 + 0 - 1/2*w**2. Calculate o(j).
-5
Let h = 0 - 0. Let k be h - (-2)/(-2*1). Let c(u) be the second derivative of -u**5/10 - u**4/12 + u**2/2 - 13*u. Calculate c(k).
2
Let q(t) = 5*t**2 - 10*t - 1. Let p(s) = -4*s**2 + 9*s + 1. Let c(x) = 6*p(x) + 5*q(x). Let m(b) = -b**2 - 18*b - 70. Let k be m(-13). Calculate c(k).
6
Let g(a) be the second derivative of 1/3*a**3 + 1/2*a**2 + 6*a + 0. What is g(-3)?
-5
Let r(c) = c. Let v be ((-1 + 1)/3)/(-2). Suppose v = 5*d - 18 - 2. Give r(d).
4
Let o be (-2)/(0/(-3) + -1). Suppose -i = -o*w + 1, 3*w + i = 3*i. Let a(h) = 1 - h**w + 4*h - 1 + 7. Give a(5).
2
Let a(i) = -14*i**3 + 35*i**2 - 4*i - 27. Let s(r) = -5*r**3 + 12*r**2 - r - 9. Let p(q) = 6*a(q) - 17*s(q). What is p(-7)?
-9
Suppose -4*z + 9*z + 35 = 0. Let y = 9 + z. Let k(s) = -6*s**3 + 7*s**2 + 5*s + 4. Let j(u) = u**3 - u**2 - u - 1. Let l(t) = -5*j(t) - k(t). What is l(y)?
1
Let a(f) be the first derivative of f**2 + f - 9. Calculate a(-6).
-11
Let h be 3/9*(-18)/(-3). Let n(w) = 1 + w**2 + w**3 + w**2 + 1 - 4*w**h. What is n(3)?
11
Suppose 0 = -5*i 